 tens digit of 1296932?
3
What is the ten thousands digit of 268573?
6
What is the hundreds digit of 29872364?
3
What is the hundred thousands digit of 5269662?
2
What is the thousands digit of 1841243?
1
What is the thousands digit of 350474?
0
What is the ten thousands digit of 240412?
4
What is the ten thousands digit of 1683578?
8
What is the units digit of 1787398?
8
What is the ten thousands digit of 912162?
1
What is the thousands digit of 49809?
9
What is the units digit of 974238?
8
What is the hundred thousands digit of 1863889?
8
What is the ten thousands digit of 9463087?
6
What is the tens digit of 1173362?
6
What is the hundreds digit of 540099?
0
What is the tens digit of 891031?
3
What is the units digit of 4186586?
6
What is the hundreds digit of 3699855?
8
What is the units digit of 224083?
3
What is the tens digit of 84160?
6
What is the thousands digit of 2073883?
3
What is the thousands digit of 298143?
8
What is the ten thousands digit of 581125?
8
What is the units digit of 1396890?
0
What is the ten millions digit of 24863509?
2
What is the units digit of 4594854?
4
What is the hundreds digit of 212875?
8
What is the hundreds digit of 1740764?
7
What is the tens digit of 8850?
5
What is the thousands digit of 201419?
1
What is the hundred thousands digit of 955087?
9
What is the ten thousands digit of 68257?
6
What is the hundred thousands digit of 132199?
1
What is the hundred thousands digit of 1340790?
3
What is the units digit of 1803296?
6
What is the hundreds digit of 68214?
2
What is the thousands digit of 260442?
0
What is the hundreds digit of 1343847?
8
What is the ten thousands digit of 9843338?
4
What is the hundred thousands digit of 4116607?
1
What is the hundreds digit of 4153249?
2
What is the ten thousands digit of 120097?
2
What is the hundreds digit of 12956110?
1
What is the thousands digit of 16666341?
6
What is the tens digit of 167849?
4
What is the hundreds digit of 6988005?
0
What is the units digit of 24220?
0
What is the hundreds digit of 7444198?
1
What is the hundreds digit of 736976?
9
What is the thousands digit of 134158?
4
What is the thousands digit of 10878768?
8
What is the units digit of 50467?
7
What is the units digit of 85790?
0
What is the millions digit of 8003388?
8
What is the tens digit of 4652758?
5
What is the hundred thousands digit of 1631032?
6
What is the thousands digit of 586650?
6
What is the hundreds digit of 3718528?
5
What is the thousands digit of 7231003?
1
What is the units digit of 3156434?
4
What is the units digit of 93576?
6
What is the ten thousands digit of 49958?
4
What is the tens digit of 22579192?
9
What is the ten millions digit of 19544715?
1
What is the units digit of 327233?
3
What is the millions digit of 31281049?
1
What is the units digit of 17901114?
4
What is the millions digit of 8026525?
8
What is the units digit of 158587?
7
What is the hundred thousands digit of 558689?
5
What is the thousands digit of 40684?
0
What is the ten thousands digit of 391531?
9
What is the millions digit of 2126024?
2
What is the millions digit of 1654995?
1
What is the ten millions digit of 24312378?
2
What is the units digit of 3147?
7
What is the units digit of 2678178?
8
What is the units digit of 740952?
2
What is the ten thousands digit of 9139158?
3
What is the hundred thousands digit of 6624839?
6
What is the hundreds digit of 1518789?
7
What is the units digit of 85027?
7
What is the hundreds digit of 557?
5
What is the hundreds digit of 11899627?
6
What is the tens digit of 2300651?
5
What is the ten thousands digit of 396565?
9
What is the ten thousands digit of 644856?
4
What is the units digit of 496297?
7
What is the millions digit of 4454130?
4
What is the ten thousands digit of 1105200?
0
What is the tens digit of 344480?
8
What is the hundreds digit of 1254062?
0
What is the hundred thousands digit of 5708946?
7
What is the tens digit of 6349641?
4
What is the hundred thousands digit of 436673?
4
What is the tens digit of 815788?
8
What is the tens digit of 1433077?
7
What is the hundred thousands digit of 7214370?
2
What is the ten thousands digit of 606178?
0
What is the hundred thousands digit of 1272579?
2
What is the ten millions digit of 11992236?
1
What is the units digit of 777259?
9
What is the hundred thousands digit of 518267?
5
What is the ten thousands digit of 182892?
8
What is the tens digit of 12173174?
7
What is the hundreds digit of 1728610?
6
What is the units digit of 1895033?
3
What is the millions digit of 22058982?
2
What is the hundreds digit of 59592?
5
What is the tens digit of 66560?
6
What is the millions digit of 5127755?
5
What is the hundreds digit of 90955?
9
What is the hundreds digit of 223371?
3
What is the tens digit of 1213930?
3
What is the units digit of 1978783?
3
What is the hundred thousands digit of 4131379?
1
What is the units digit of 3953792?
2
What is the thousands digit of 21517?
1
What is the hundred thousands digit of 937690?
9
What is the millions digit of 7430062?
7
What is the hundreds digit of 65852?
8
What is the hundreds digit of 1041751?
7
What is the hundred thousands digit of 936555?
9
What is the units digit of 8012824?
4
What is the tens digit of 30000403?
0
What is the tens digit of 790785?
8
What is the thousands digit of 140668?
0
What is the hundred thousands digit of 223980?
2
What is the thousands digit of 131759?
1
What is the ten thousands digit of 2621270?
2
What is the ten thousands digit of 289644?
8
What is the hundreds digit of 1629370?
3
What is the units digit of 78575?
5
What is the millions digit of 28073426?
8
What is the thousands digit of 1938114?
8
What is the thousands digit of 11969177?
9
What is the units digit of 287130?
0
What is the millions digit of 1650974?
1
What is the units digit of 942927?
7
What is the tens digit of 649024?
2
What is the thousands digit of 500335?
0
What is the hundreds digit of 2139626?
6
What is the tens digit of 5432215?
1
What is the hundred thousands digit of 2094660?
0
What is the thousands digit of 38801?
8
What is the units digit of 26080?
0
What is the thousands digit of 1342285?
2
What is the hundred thousands digit of 387841?
3
What is the ten thousands digit of 14567857?
6
What is the ten thousands digit of 575656?
7
What is the ten millions digit of 12336994?
1
What is the hundred thousands digit of 215865?
2
What is the millions digit of 6388396?
6
What is the thousands digit of 1487704?
7
What is the hundreds digit of 449069?
0
What is the units digit of 1274199?
9
What is the hundred thousands digit of 10283436?
2
What is the tens digit of 220360?
6
What is the thousands digit of 2388327?
8
What is the ten thousands digit of 127274?
2
What is the hundreds digit of 170097?
0
What is the thousands digit of 22311578?
1
What is the thousands digit of 1101143?
1
What is the units digit of 2720367?
7
What is the ten thousands digit of 9470390?
7
What is the hundreds digit of 4816317?
3
What is the hundred thousands digit of 8200000?
2
What is the hundreds digit of 1084340?
3
What is the hundred thousands digit of 1039940?
0
What is the hundreds digit of 919891?
8
What is the ten millions digit of 11927850?
1
What is the millions digit of 2433146?
2
What is the thousands digit of 323494?
3
What is the units digit of 3873774?
4
What is the units digit of 120740?
0
What is the millions digit of 8060562?
8
What is the ten millions digit of 34770246?
3
What is the millions digit of 3262608?
3
What is the ten thousands digit of 20361861?
6
What is the units digit of 2500530?
0
What is the hundreds digit of 4406536?
5
What is the units digit of 275437?
7
What is the ten thousands digit of 161597?
6
What is the hundred thousands digit of 1307721?
3
What is the ten thousands digit of 1450937?
5
What is the tens digit of 2932217?
1
What is the hundreds digit of 4640810?
8
What is the ten millions digit of 27649607?
2
What is the units digit of 667590?
0
What is the tens digit of 614228?
2
What is the tens digit of 40406?
0
What is the units digit of 322804?
4
What is the thousands digit of 10444983?
4
What is the tens digit of 271913?
1
What is the hundreds digit of 1174290?
2
What is the ten millions digit of 21716595?
2
What is